Let a(q) = 2*q - 32. Let y be a(11). Let j = y - -12. Determine f(j).
3
Suppose 13*m - 12*m - 11 = 0. Let p be 8/32*(1 + m). Let n(o) = o**3 - 3*o**2 + 3*o - 4. Determine n(p).
5
Let w(o) = -5*o - 1. Let l(a) = 68*a + 10. Let s(d) = l(d) + 14*w(d). Determine s(2).
-8
Suppose -20 = -0*k - 4*k. Let u(q) be the second derivative of -q**3/3 + 2*q**2 + 6*q. Calculate u(k).
-6
Let h(g) = g**2 + 4*g. Let d be h(-3). Let c(l) = l**2 + 7*l - 9. Let m(u) = -u + 1. Let p(r) = d*m(r) - c(r). What is p(-5)?
1
Let x(a) = -a**2 + 2*a + 6. Let i(t) = t**2 - 3*t - 7. Suppose 3*l = 2*l - 4. Let b(p) = l*x(p) - 3*i(p). Give b(0).
-3
Let s(x) = -3*x. Suppose 11*a = 18*a + 14. Give s(a).
6
Let d = -84 - -86. Let c(q) = 52*q**2 + 3*q**3 - 47*q**2 - 3*q - 1 + 6*q - d*q**3. What is c(-4)?
3
Let u(b) be the second derivative of 0*b**2 + b - b**3 + 0 + 0*b**4 - 1/24*b**5. Let h(n) be the second derivative of u(n). Calculate h(-1).
5
Suppose 2*t = -5*s + 123, 3*t = -s - s + 47. Let w = -22 + s. Let l(m) = 0*m - 4*m**2 + m**3 - m**2 + 3*m. Determine l(w).
-9
Suppose -219 = 5*v + 151. Let i = v - -75. Let k(w) = 3*w**3 - w**2 + w. Calculate k(i).
3
Let n(u) = 5*u - 1. Suppose -30*h = -26*h - 8. Give n(h).
9
Let w(m) = -m + 1. Let y be w(-1). Suppose 8 = -y*i + 4*i. Suppose 5*v = i*v - 5. Let n(q) = -2*q - 3. Calculate n(v).
7
Let m(k) = -25 + 87 - 30 + k - 27. What is m(-2)?
3
Let w(k) = -5*k - 45. Let t be w(-13). Suppose -5*m = 2*q + t, -2*q - 7 = -4*m + q. Let n(j) = j**3 + 2*j**2 + j + 2. Determine n(m).
0
Let t(p) be the second derivative of 3/2*p**2 + 2/3*p**3 + 1/6*p**4 + 1/20*p**5 + 0 + p. Let q be 11/(-5) - ((-344)/20 - -17). Give t(q).
-5
Let p(r) = 1116 + r - 556 - 561 + 3*r**2. Let b be (1 - 2)/(2 + -3). Let i = b + -3. Give p(i).
9
Let t(d) be the first derivative of 3*d**2/2 + 3*d - 183. Give t(-4).
-9
Suppose 5*j + 14 - 4 = 0. Let l = j + 1. Let h(g) be the third derivative of -g**5/6 + g**3/6 + 1291*g**2 + 7. Determine h(l).
-9
Let k(l) = 13*l - 41. Let z(y) = 6*y - 20. Let n(o) = -4*k(o) + 10*z(o). Let q be n(5). Let f(p) = -4*p + 3. Calculate f(q).
-13
Let f(c) be the first derivative of c**4/4 + c**3/3 + c**2/2 - 11*c + 84. What is f(0)?
-11
Let y(i) be the third derivative of -i**4/24 - i**3 + 7*i**2. Let u be (2 - 3)*0/3. Give y(u).
-6
Let a(g) = 3*g**2 + 12*g - 8. Let k(h) = 2*h**2 - 1. Let f(s) = a(s) - 2*k(s). Calculate f(7).
29
Let w(p) = -p - 3. Let z(f) = -3*f - 6. Let d(u) = 5*w(u) - 2*z(u). Suppose 0 = -5*y + h + 19, -4*y + 2*y + 2 = -6*h. Calculate d(y).
1
Let x(l) be the third derivative of l**4/24 - 7*l**3/3 + 217*l**2. Let y = -8 - -16. Calculate x(y).
-6
Let c(n) be the third derivative of n**6/120 + n**5/30 - n**3/6 + 45*n**2 - n. Give c(-1).
0
Suppose -14 = -7*l - 0*l. Suppose 0 = -2*s + 4*r - 14, -3*s = -s + 4*r - l. Let t(o) = 3*o - 3. Calculate t(s).
-12
Let w be (-20)/(-100) + 4/5. Let x(k) = 5*k**3 - k**2 + 1. Determine x(w).
5
Let v(d) = -d**2 + 4. Suppose 3*h + 5*y - 5 = -34, -4*h - y = 16. Let q(f) = f**2 + 7*f + 7. Let k be q(-5). Let u = k - h. Determine v(u).
4
Suppose 0*u - 6*u = -18. Let f(z) = 3*z - 2 - z**u - 5*z**2 + 3 - 5 + 3. Give f(-5).
-16
Let h(b) = -14 + 0*b**2 + b**2 + 2*b - 3*b - 6*b. What is h(10)?
16
Suppose 0 = 2*l - z - 3*z + 16, 4*z + 26 = -5*l. Let k(q) = -4*q - 4. Let i(f) = 1 - f + 2*f + 2*f - 2*f. Let s(t) = -18*i(t) - 4*k(t). Determine s(l).
10
Suppose l - 5*b = -21, 3*l = 5*b - 29 - 14. Let u(f) = -f - 1. Determine u(l).
10
Let x(u) be the second derivative of -u**4/12 - 13*u**3/6 - 12*u**2 - 3*u + 40. Calculate x(-12).
-12
Let m(d) = 15*d**3 - 2*d - 1. Suppose 0 - 5 = -u, 3*u = 5*a + 185. Let f = 37 + a. Suppose 0 = -j - 0*j + 4*b + f, 0 = 2*j - 2*b. Give m(j).
-14
Let z(i) be the third derivative of -i**5/60 + i**4/24 - i**3/6 - 59*i**2. Let r = -12 + 12. Calculate z(r).
-1
Let x(w) = -7*w**3 + 41*w**2 + 6*w + 2. Let f be x(6). Let o(v) = -2*v**2 - 3*v + 2. Determine o(f).
-12
Let k(z) = -z**3 + z**2 - 1. Suppose 10 + 0 = 5*g. Suppose 0 = 2*u - g - 2. Suppose 4*x + 8 = -5*a, -4*x - u = -3*a + 6. Give k(a).
-1
Let y(i) be the first derivative of -i**4/4 - 10*i**3/3 + i**2/2 + 8*i - 27. Let s be 435/(-45) + (-2)/6. Determine y(s).
-2
Let r(j) be the third derivative of j**5/60 - j**4/4 - 5*j**3/3 - 83*j**2 + 2. Suppose 2*t = -2*t + 16, -5*z + 2*t = -17. Let b = z - -2. What is r(b)?
-3
Let n(m) be the third derivative of -m**5/60 - 2*m**3/3 + 3*m**2. Let u = 23 + -44. Let v = u - -18. What is n(v)?
-13
Let a(c) be the second derivative of 0 + 3/2*c**2 - 19*c + 1/12*c**4 + 1/3*c**3. What is a(-3)?
6
Let p(l) = -l**3 - 3*l**2 + l + 4. Let n = -12 - -32. Suppose n = 7*y - 3*y. Suppose -y*r + 4 = 19. Calculate p(r).
1
Suppose -q = 5*g + 19, 3*g = 4*q + 4*g. Let o(i) = 7*i**3 - 2*i**2 - i + 2. Give o(q).
6
Let r(o) = o**2 + 4*o + 4. Suppose -5*j + 27 = -5*h - 3, 3 = -3*h - 2*j. Determine r(h).
1
Let z(m) = 25*m + 34*m - m**2 - 60*m + 8*m. What is z(4)?
12
Let p = 11 - 6. Let q(j) = j - 2. Let u(s) = 2*s - 5. Let t(l) = 5*q(l) - u(l). Determine t(p).
10
Suppose -66*y = -76*y + 60. Let k(s) = -2*s + 9. What is k(y)?
-3
Suppose -4*a = -a - 2*m - 25, 0 = -5*a - 3*m + 10. Let j(p) = -3*p - 3. Let z(k) = -6*k - 6. Let g(d) = a*z(d) - 9*j(d). Determine g(3).
-12
Let x(t) be the second derivative of -t**4/12 - 5*t**3/3 - 11*t**2/2 + t + 32. Determine x(-9).
-2
Let l(r) = r**2 + 6*r - 7. Let a be l(-7). Let c = -5 - a. Let h(g) = 3 + 3*g + 1 + 2*g - 4*g. What is h(c)?
-1
Let o(n) be the third derivative of 5*n**4/24 - n**3/6 - 60*n**2. Determine o(-2).
-11
Let p(a) = -a**2 + 7*a - 9. Suppose 352 - 46 = -6*b. Let f be 6/(-4) - b/6. Calculate p(f).
-9
Let l(f) = 11*f**3 + 21*f**2 + 2*f - 13. Let o(t) = 5*t**3 + 10*t**2 + t - 6. Let h(m) = 4*l(m) - 9*o(m). Let j be ((-5)/(-4))/((-5)/20). Calculate h(j).
-18
Let o(f) be the second derivative of -f**7/2520 - f**6/360 + f**5/120 - 5*f**4/12 + 12*f. Let p(l) be the third derivative of o(l). What is p(-5)?
-14
Let m(p) be the second derivative of -p**5/20 - 5*p**4/6 + 11*p**3/6 + 7*p**2/2 - 57*p. Determine m(-11).
7
Suppose 3*j = 20 - 8. Suppose 0 = j*k - 24. Let o(d) = d**2 - 6*d + 5. What is o(k)?
5
Let x = -29 - -32. Let i = -1 + x. Let a(g) = g + 1. Let y(u) = -8*u - 2. Let c(z) = 4*a(z) + y(z). What is c(i)?
-6
Let b(p) = -25*p. Let u(d) = 139*d - 1. Let m(c) = -5*b(c) - u(c). Suppose l = 6*l - 5. Let t = -2 + l. Give m(t).
15
Let c = -276 - -269. Let f(o) = o**3 + 8*o**2 + 7*o + 4. Determine f(c).
4
Let h(p) = -p**2 + 2*p - 4. Let u = 1117 + -1120. Give h(u).
-19
Let y(h) = -1 - 5 + 11 + h - 1. Calculate y(7).
11
Let f be -3 + 2 - (-2 - 2). Let s be -3*f/(9/4). Let v be 3/(-2*(-6)/s). Let a(r) = -4*r**2 + r. Calculate a(v).
-5
Let t(j) = -90 + 50 - j + 41. What is t(5)?
-4
Let o(n) = -n**2 - 615 + 615 + 5*n**2 - 3*n - 2*n**2. Give o(4).
20
Suppose -13 = 2*a - 4*u - 21, -2*a = 2*u - 14. Let b(y) = -8*y + 5. Give b(a).
-43
Let q(t) be the second derivative of -t**5/20 + 19*t**4/12 - 3*t**3 - t**2/2 - 30*t. Determine q(18).
-1
Let u(z) = 5*z**3 - 8*z**2 - 18*z - 1. Let m(t) = 14*t**3 - 24*t**2 - 53*t - 4. Let n(r) = -6*m(r) + 17*u(r). Determine n(-6).
7
Let i(k) = -15*k. Suppose 14*b - 35 - 7 = 0. What is i(b)?
-45
Let g(z) = -z**3 + 5*z**2 + 7*z + 3. Let p(u) = -3*u**3 + 15*u**2 + 21*u + 10. Let n(c) = -7*g(c) + 2*p(c). Determine n(6).
-7
Let r be -3*20/(-15) - 3. Suppose 0 = q - 4*q + 15. Let k(j) = 3 - 5*j - q + r + 0*j. Calculate k(-1).
4
Let h(n) = -n**2 - n. Let s(i) = 2*i**2 + 2*i + 2. Let q(l) = -3*h(l) - s(l). Let p(o) = o - 6. Let f be p(11). Suppose -8 = f*b - b. Determine q(b).
0
Let g(d) = 2*d**3 - 15*d**2 - 10*d - 2. Let h(v) = -v**3 + 14*v**2 + 11*v + 3. Let j(z) = -2*g(z) - 3*h(z). What is j(-11)?
17
Suppose 7*z + 5 = 8*z. Let t(u) = 6*u - 3*u**3 - 3 + 2 + 2*u**3 + 4*u**2. Let n be t(z). Let c(j) = j + 1. Calculate c(n).
5
Let b be -1 - (-7 - 4/(-1)). Let n(q) = -41*q**2 + 18*q**2 + 5 + 3*q + 22*q**b. Calculate n(4).
1
Let w(n) = 5*n + 9. Let s(r) = 9*r + 8. Let o(v) = 6*v + 5. Let h(z) = 7*o(z) - 5*s(z). Let k(g) = -7*h(g) - 4*w(g). Give k(-5).
-6
Let h(a) = -a**3 + 3*a**2 + 2*a - 3. Suppose 12 = -2*y + 40. Suppose -5*o = -29 + y. Give h(o).
3
Let w(i) be the second derivative of -i**6/720 + i**5/30 - i**4/2 + 13*i. Let b(z) be the third derivative 